te the remainder when 20217 is divided by 10108.
1
Calculate the remainder when 11520 is divided by 27.
18
What is the remainder when 7553 is divided by 1502?
43
What is the remainder when 51656 is divided by 25730?
196
Calculate the remainder when 13545 is divided by 2255.
15
Calculate the remainder when 22801 is divided by 5473.
909
Calculate the remainder when 4361 is divided by 150.
11
Calculate the remainder when 47487 is divided by 13.
11
What is the remainder when 1247 is divided by 206?
11
What is the remainder when 260589 is divided by 10?
9
What is the remainder when 16186 is divided by 37?
17
What is the remainder when 1447 is divided by 247?
212
Calculate the remainder when 1143872 is divided by 1143870.
2
Calculate the remainder when 9324 is divided by 64.
44
What is the remainder when 2768 is divided by 31?
9
What is the remainder when 155998 is divided by 325?
323
What is the remainder when 5563 is divided by 327?
4
What is the remainder when 31439 is divided by 15714?
11
Calculate the remainder when 2639 is divided by 1326.
1313
What is the remainder when 103259 is divided by 27?
11
Calculate the remainder when 231799 is divided by 12198.
37
What is the remainder when 26109 is divided by 5215?
34
Calculate the remainder when 3042 is divided by 1009.
15
What is the remainder when 31181 is divided by 1123?
860
Calculate the remainder when 131726 is divided by 18.
2
What is the remainder when 787037 is divided by 262340?
17
What is the remainder when 2229 is divided by 2205?
24
Calculate the remainder when 1753660 is divided by 1504.
1500
Calculate the remainder when 66252 is divided by 7.
4
What is the remainder when 67377 is divided by 33618?
141
What is the remainder when 1377 is divided by 12?
9
What is the remainder when 15051 is divided by 2507?
9
Calculate the remainder when 423118 is divided by 23.
10
What is the remainder when 762699 is divided by 263?
262
Calculate the remainder when 403 is divided by 58.
55
Calculate the remainder when 40513 is divided by 31.
27
What is the remainder when 47769 is divided by 85?
84
Calculate the remainder when 17683 is divided by 393.
391
Calculate the remainder when 187263 is divided by 610.
603
Calculate the remainder when 26567 is divided by 324.
323
What is the remainder when 1278 is divided by 509?
260
What is the remainder when 24203 is divided by 384?
11
Calculate the remainder when 91734 is divided by 108.
42
What is the remainder when 26776 is divided by 84?
64
What is the remainder when 203981 is divided by 16?
13
Calculate the remainder when 125389 is divided by 1425.
1414
Calculate the remainder when 163599 is divided by 16.
15
What is the remainder when 16215 is divided by 3797?
1027
What is the remainder when 122127 is divided by 61057?
13
What is the remainder when 4724 is divided by 324?
188
Calculate the remainder when 25096 is divided by 282.
280
Calculate the remainder when 1335 is divided by 20.
15
What is the remainder when 14280 is divided by 1187?
36
Calculate the remainder when 845 is divided by 71.
64
What is the remainder when 56714 is divided by 535?
4
Calculate the remainder when 101688 is divided by 114.
0
Calculate the remainder when 16081 is divided by 1147.
23
What is the remainder when 81757 is divided by 511?
508
What is the remainder when 87037 is divided by 5?
2
What is the remainder when 267369 is divided by 31?
25
What is the remainder when 16317 is divided by 467?
439
Calculate the remainder when 26324 is divided by 517.
474
Calculate the remainder when 3731 is divided by 204.
59
What is the remainder when 2598 is divided by 833?
99
What is the remainder when 4210 is divided by 1381?
67
Calculate the remainder when 29075 is divided by 12.
11
What is the remainder when 3631670 is divided by 8?
6
Calculate the remainder when 66535 is divided by 19.
16
Calculate the remainder when 2201 is divided by 116.
113
Calculate the remainder when 573879 is divided by 10.
9
Calculate the remainder when 95796 is divided by 95792.
4
Calculate the remainder when 659004 is divided by 329496.
12
What is the remainder when 20827 is divided by 632?
603
What is the remainder when 19269 is divided by 292?
289
What is the remainder when 154 is divided by 23?
16
What is the remainder when 80176 is divided by 413?
54
What is the remainder when 78291 is divided by 20?
11
What is the remainder when 136971 is divided by 74?
71
Calculate the remainder when 23662 is divided by 1029.
1024
What is the remainder when 916 is divided by 152?
4
Calculate the remainder when 1069 is divided by 344.
37
Calculate the remainder when 2777 is divided by 19.
3
Calculate the remainder when 6160 is divided by 1395.
580
What is the remainder when 2338 is divided by 65?
63
Calculate the remainder when 12493 is divided by 305.
293
What is the remainder when 5606 is divided by 1378?
94
What is the remainder when 226 is divided by 209?
17
Calculate the remainder when 1522 is divided by 687.
148
Calculate the remainder when 6704 is divided by 670.
4
What is the remainder when 135717 is divided by 389?
345
Calculate the remainder when 40014 is divided by 43.
24
What is the remainder when 55336 is divided by 19?
8
What is the remainder when 125500 is divided by 114?
100
What is the remainder when 4699 is divided by 1555?
34
Calculate the remainder when 819345 is divided by 5.
0
Calculate the remainder when 98207 is divided by 20.
7
What is the remainder when 209608 is divided by 69862?
22
Calculate the remainder when 212779 is divided by 858.
853
What is the remainder when 11394 is divided by 509?
196
What is the remainder when 28820 is divided by 347?
19
What is the remainder when 124035 is divided by 54?
51
What is the remainder when 252165 is divided by 57?
54
Calculate the remainder when 8695 is divided by 1228.
99
What is the remainder when 166983 is divided by 455?
453
What is the remainder when 87931 is divided by 77?
74
What is the remainder when 1522 is divided by 14?
10
What is the remainder when 4145 is divided by 123?
86
Calculate the remainder when 522 is divided by 258.
6
Calculate the remainder when 43144 is divided by 322.
318
Calculate the remainder when 9863 is divided by 64.
7
Calculate the remainder when 12262 is divided by 70.
12
Calculate the remainder when 23445 is divided by 2123.
92
Calculate the remainder when 6933 is divided by 244.
101
What is the remainder when 317 is divided by 127?
63
What is the remainder when 8534 is divided by 179?
121
Calculate the remainder when 570478 is divided by 60.
58
What is the remainder when 83380 is divided by 68?
12
Calculate the remainder when 291407 is divided by 48.
47
What is the remainder when 44611 is divided by 68?
3
Calculate the remainder when 21670 is divided by 2157.
100
What is the remainder when 399359 is divided by 10?
9
What is the remainder when 103164 is divided by 51579?
6
What is the remainder when 26803 is divided by 2975?
28
Calculate the remainder when 58014 is divided by 296.
294
Calculate the remainder when 1069 is divided by 464.
141
Calculate the remainder when 4882 is divided by 960.
82
What is the remainder when 1227 is divided by 401?
24
Calculate the remainder when 9519 is divided by 122.
3
Calculate the remainder when 58716 is divided by 19500.
216
Calculate the remainder when 17705 is divided by 4424.
9
What is the remainder when 982819 is divided by 314?
313
Calculate the remainder when 22912 is divided by 20.
12
What is the remainder when 58787 is divided by 43?
6
What is the remainder when 200 is divided by 40?
0
Calculate the remainder when 1835 is divided by 166.
9
Calculate the remainder when 18556 is divided by 357.
349
Calculate the remainder when 15614 is divided by 50.
14
Calculate the remainder when 1222402 is divided by 707.
706
What is the remainder when 144748 is divided by 386?
384
What is the remainder when 24634 is divided by 70?
64
Calculate the remainder when 5407 is divided by 472.
215
Calculate the remainder when 6849 is divided by 3423.
3
What is the remainder when 4741 is divided by 66?
55
What is the remainder when 113152 is divided by 21?
4
What is the remainder when 1223292 is divided by 55604?
4
What is the remainder when 515561 is divided by 9547?
23
Calculate the remainder wh